e remainder when 1179564 is divided by 26208.
204
What is the remainder when 209352 is divided by 2912?
2600
What is the remainder when 10971239 is divided by 609501?
221
Calculate the remainder when 14564859 is divided by 3885.
3879
Calculate the remainder when 104745 is divided by 379.
141
What is the remainder when 2250606 is divided by 125033?
12
Calculate the remainder when 6743416 is divided by 1847.
19
Calculate the remainder when 3414167 is divided by 148441.
24
What is the remainder when 44580 is divided by 3516?
2388
Calculate the remainder when 26152754 is divided by 154750.
4
Calculate the remainder when 2824681 is divided by 23539.
1
Calculate the remainder when 72061 is divided by 1717.
1664
What is the remainder when 1967012 is divided by 6325?
6262
Calculate the remainder when 49737 is divided by 1987.
62
What is the remainder when 1493682 is divided by 42675?
57
Calculate the remainder when 2940 is divided by 2779.
161
What is the remainder when 5329786 is divided by 1766?
1764
What is the remainder when 2485861 is divided by 621423?
169
Calculate the remainder when 10276716 is divided by 1597.
21
Calculate the remainder when 3163905 is divided by 229.
41
What is the remainder when 51195879 is divided by 265?
264
Calculate the remainder when 24530 is divided by 996.
626
Calculate the remainder when 2284906 is divided by 23801.
10
Calculate the remainder when 2741383 is divided by 1370681.
21
Calculate the remainder when 601092 is divided by 420.
72
Calculate the remainder when 21691437 is divided by 21691411.
26
Calculate the remainder when 11244 is divided by 11198.
46
Calculate the remainder when 22622093 is divided by 1098.
1097
Calculate the remainder when 35281673 is divided by 7056305.
148
What is the remainder when 6792284 is divided by 1219?
16
Calculate the remainder when 57860 is divided by 28767.
326
Calculate the remainder when 421116042 is divided by 18.
12
Calculate the remainder when 1823002 is divided by 1822980.
22
What is the remainder when 1840063 is divided by 1305?
13
What is the remainder when 37758 is divided by 330?
138
What is the remainder when 941014 is divided by 15177?
40
Calculate the remainder when 7199099 is divided by 855.
854
Calculate the remainder when 574082422 is divided by 2909.
2908
Calculate the remainder when 639008 is divided by 638931.
77
Calculate the remainder when 105077021 is divided by 95.
86
What is the remainder when 95271885 is divided by 588?
9
What is the remainder when 1053062 is divided by 8101?
8033
Calculate the remainder when 188210 is divided by 26887.
1
What is the remainder when 2669521 is divided by 258?
253
Calculate the remainder when 899320 is divided by 449596.
128
What is the remainder when 10632832 is divided by 664552?
0
What is the remainder when 2881877 is divided by 8577?
5
Calculate the remainder when 3440707 is divided by 1393.
1390
Calculate the remainder when 111142 is divided by 1501.
68
What is the remainder when 7720509 is divided by 3571?
7
Calculate the remainder when 2891197 is divided by 22946.
1
Calculate the remainder when 649525 is divided by 129903.
10
Calculate the remainder when 9162710 is divided by 4.
2
What is the remainder when 728362 is divided by 45477?
730
What is the remainder when 14872995 is divided by 5?
0
Calculate the remainder when 626276 is divided by 941.
511
Calculate the remainder when 73796775 is divided by 283.
280
What is the remainder when 80901126 is divided by 8?
6
Calculate the remainder when 60722 is divided by 3582.
3410
What is the remainder when 25295327 is divided by 6?
5
Calculate the remainder when 52267325 is divided by 8711218.
17
What is the remainder when 30749124 is divided by 4586?
4580
What is the remainder when 9764 is divided by 9115?
649
What is the remainder when 165820 is divided by 82735?
350
Calculate the remainder when 30568 is divided by 5770.
1718
What is the remainder when 9543639 is divided by 142442?
25
Calculate the remainder when 1906 is divided by 151.
94
What is the remainder when 52714 is divided by 5621?
2125
Calculate the remainder when 991115 is divided by 36.
35
Calculate the remainder when 1076897 is divided by 179482.
5
What is the remainder when 692803808 is divided by 2830?
2828
What is the remainder when 6727242 is divided by 79140?
342
Calculate the remainder when 1595893 is divided by 473.
464
What is the remainder when 104934 is divided by 1177?
181
Calculate the remainder when 6022686 is divided by 1134.
12
Calculate the remainder when 28003 is divided by 13921.
161
What is the remainder when 205309055 is divided by 257?
236
Calculate the remainder when 194276 is divided by 97123.
30
What is the remainder when 127436 is divided by 29434?
9700
Calculate the remainder when 569255 is divided by 3113.
2689
What is the remainder when 35542 is divided by 28?
10
What is the remainder when 11280881 is divided by 8?
1
Calculate the remainder when 3217325 is divided by 1761.
1739
Calculate the remainder when 144957 is divided by 9048.
189
Calculate the remainder when 143201 is divided by 484.
421
What is the remainder when 252513 is divided by 13225?
1238
Calculate the remainder when 1240948 is divided by 759.
742
Calculate the remainder when 4724053 is divided by 371.
110
Calculate the remainder when 281630 is divided by 93831.
137
What is the remainder when 6478009 is divided by 26?
5
What is the remainder when 8649805 is divided by 2162410?
165
Calculate the remainder when 1514462 is divided by 252410.
2
Calculate the remainder when 44718 is divided by 3711.
186
Calculate the remainder when 40837 is divided by 1415.
1217
Calculate the remainder when 10725959 is divided by 731.
727
What is the remainder when 69138 is divided by 11495?
168
What is the remainder when 4948754 is divided by 274924?
122
Calculate the remainder when 7920221 is divided by 254.
247
Calculate the remainder when 2395957 is divided by 429.
421
What is the remainder when 13768070 is divided by 202471?
42
Calculate the remainder when 864930757 is divided by 2312.
2309
Calculate the remainder when 3051481 is divided by 487.
426
Calculate the remainder when 32841895 is divided by 261.
4
Calculate the remainder when 5448771 is divided by 89.
13
Calculate the remainder when 341777 is divided by 134.
77
What is the remainder when 2095536 is divided by 1414?
1402
What is the remainder when 1673512 is divided by 107?
32
Calculate the remainder when 81941803 is divided by 434.
433
Calculate the remainder when 833848 is divided by 43.
35
What is the remainder when 16204817 is divided by 183?
167
What is the remainder when 86238488 is divided by 114?
110
Calculate the remainder when 68897072 is divided by 1043895.
2
What is the remainder when 58290693 is divided by 1078?
1077
Calculate the remainder when 3894716 is divided by 919.
913
What is the remainder when 203662 is divided by 149?
128
Calculate the remainder when 18459634 is divided by 156.
154
What is the remainder when 325255 is divided by 108376?
127
Calculate the remainder when 672301 is divided by 2287.
2210
Calculate the remainder when 8680765 is divided by 11.
5
What is the remainder when 105717 is divided by 2625?
717
What is the remainder when 87384 is divided by 3617?
576
What is the remainder when 374861 is divided by 184802?
5257
Calculate the remainder when 2778465 is divided by 823.
17
Calculate the remainder when 50408 is divided by 7947.
2726
Calculate the remainder when 3140240 is divided by 628047.
5
What is the remainder when 154947279 is divided by 123?
120
Calculate the remainder when 423174 is divided by 22198.
1412
What is the remainder when 79479 is divided by 13053?
1161
What is the remainder when 506753923 is divided by 57?
40
Calculate the remainder when 871843 is divided by 263.
261
Calculate the remainder when 16042213 is divided by 79.
78
What is the remainder when 136265 is divided by 12021?
4034
Calculate the remainder when 13564785 is divided by 1884.
1869
What is the remainder when 73753433 is divided by 177?
11
Calculate the remainder when 38585 is divided by 2962.
79
What is the remainder when 2368804 is divided by 22?
20
Calculate the remainder when 96956031 is divided by 735.
711
Calculate the remainder when 3567158 is